{"id":9214,"date":"2022-06-02T18:53:17","date_gmt":"2022-06-02T23:53:17","guid":{"rendered":"https:\/\/antonioromoleroux.com\/?page_id=9214"},"modified":"2026-03-09T16:32:24","modified_gmt":"2026-03-09T21:32:24","slug":"espanol-bio","status":"publish","type":"page","link":"https:\/\/antonioromoleroux.com\/es\/espanol-bio\/","title":{"rendered":"Biograf\u00eda"},"content":{"rendered":"<p><a href=\"https:\/\/antonioromoleroux.com\/wp-content\/uploads\/2024\/07\/autorretrato-web-cortado-scaled.jpg\"><img loading=\"lazy\" decoding=\"async\" src=\"https:\/\/antonioromoleroux.com\/wp-content\/uploads\/2024\/07\/autorretrato-web-cortado-905x1024.jpg\" alt=\"\" width=\"604\" height=\"683\" class=\"aligncenter size-large wp-image-10725\" srcset=\"https:\/\/antonioromoleroux.com\/wp-content\/uploads\/2024\/07\/autorretrato-web-cortado-905x1024.jpg 905w, https:\/\/antonioromoleroux.com\/wp-content\/uploads\/2024\/07\/autorretrato-web-cortado-265x300.jpg 265w, https:\/\/antonioromoleroux.com\/wp-content\/uploads\/2024\/07\/autorretrato-web-cortado-768x869.jpg 768w, https:\/\/antonioromoleroux.com\/wp-content\/uploads\/2024\/07\/autorretrato-web-cortado-1358x1536.jpg 1358w, https:\/\/antonioromoleroux.com\/wp-content\/uploads\/2024\/07\/autorretrato-web-cortado-1810x2048.jpg 1810w\" sizes=\"auto, (max-width: 604px) 100vw, 604px\" \/><\/a><br \/>\n<em>\u00abAutorretrato\u00bb, l\u00e1piz sobre papel, 30&#215;21 cm. 2024<\/em><\/p>\n<p><strong>Antonio Romoleroux<\/strong>, Quito, Ecuador, 1968.<br \/>\nLicenciado en Artes Visuales, Universidad de las Artes, Guayaquil, Ecuador.<br \/>\nBachiller en Artes Pl\u00e1sticas, Colegio de Artes de la Universidad Central del Ecuador.<\/p>\n<p>Desde 1987, ha realizado 42 exposiciones individuales y 200 colectivas, en Am\u00e9rica, Europa, Asia y \u00c1frica. Las exposiciones individuales incluyen: \u201cSagrado\u201d, Fundaci\u00f3n Antonio Romoleroux, Quito, 2025; \u201cEl Mensaje de las Modelos\u201d, Kuntraum Artescena, Leipzig, Deutschland, 2021; \u201cAntonio Romoleroux, Antolog\u00eda\u201d, Centro Cultural PUCE, Quito, 2018; \u201cDass Bewusste Ich\u201d, Embajada de Ecuador en Berl\u00edn, Alemania, 2015; \u201cAntonio Romoleroux\u201d, Queens Museum, New York, 2010; \u201cEl yo es esp\u00edritu\u201d, Instituto Cultural de Providencia, Santiago de Chile, 2009; \u201c\u00bfQu\u00e9 Devolvemos a la Naturaleza?\u201d, Centro Cultural Metropolitano, Quito, 2007; \u201cTemer-Poder\u201d, Posada de las Artes Kingman, Quito, 2000; \u201cVer a tus ojos Ver\u201d, Museos del Banco Central de Guayaquil, Cuenca y Loja, 1997; \u201cObra Reciente\u201d, Galer\u00eda Art-Forvm, Quito, 1996; \u201cGrabados\u201d, Galer\u00eda T\u00fa y Yo, Quito, 1989.<\/p>\n<p>Ha recibido 25 premios y reconocimientos. Principalmente recibi\u00f3: Overall Rank 1, International Art contest, Talentila Foundation, Hisar, India, 2024; Premiazione alla Carriera, Associazione Culturale Narda Martinez Pittrice, Varese, Italia, 2023; Validaci\u00f3n a la Trayectoria Profesional, Universidad de las Artes, Guayaquil, Ecuador, 2023; Reconocimiento a la Trayectoria Art\u00edstica, Consulado del Ecuador en Los \u00c1ngeles, California, 2021; Condecoraci\u00f3n Doctor Vicente Rocafuerte al M\u00e9rito Cultural, Asamblea Nacional del Ecuador, 2020; Reconocimiento a la Trayectoria Art\u00edstica, Ministerio de Cultura y Patrimonio del Ecuador, 2019; Reconocimiento a la Trayectoria, Kunstraum Artescena, Leipzig, Alemania, 2018; Primer Premio en pintura Mariano Aguilera, 1995; Primer Premio de Pintura, Primera Muestra Nacional de Arte Juvenil, Quito, 1991; Menci\u00f3n de Honor, XLV Concurso Nacional de Grabado, Municipio de Quito, 1987.<\/p>\n<p><\/p>","protected":false},"excerpt":{"rendered":"<p>\u00abAutorretrato\u00bb, l\u00e1piz sobre papel, 30&#215;21 cm. 2024 Antonio Romoleroux, Quito, Ecuador, 1968. Licenciado en Artes Visuales, Universidad de las Artes, Guayaquil, Ecuador. Bachiller en Artes Pl\u00e1sticas, Colegio de Artes de la Universidad Central del Ecuador. Desde 1987, ha realizado 42 exposiciones individuales y 200 colectivas, en Am\u00e9rica, Europa, Asia y \u00c1frica. Las exposiciones individuales incluyen: &hellip; <a href=\"https:\/\/antonioromoleroux.com\/es\/espanol-bio\/\" class=\"more-link\">Seguir leyendo <span class=\"screen-reader-text\">Biograf\u00eda<\/span> <span class=\"meta-nav\">&rarr;<\/span><\/a><\/p>\n","protected":false},"author":2,"featured_media":0,"parent":0,"menu_order":7,"comment_status":"closed","ping_status":"closed","template":"","meta":{"ngg_post_thumbnail":0,"footnotes":""},"class_list":["post-9214","page","type-page","status-publish","hentry"],"_links":{"self":[{"href":"https:\/\/antonioromoleroux.com\/es\/wp-json\/wp\/v2\/pages\/9214","targetHints":{"allow":["GET"]}}],"collection":[{"href":"https:\/\/antonioromoleroux.com\/es\/wp-json\/wp\/v2\/pages"}],"about":[{"href":"https:\/\/antonioromoleroux.com\/es\/wp-json\/wp\/v2\/types\/page"}],"author":[{"embeddable":true,"href":"https:\/\/antonioromoleroux.com\/es\/wp-json\/wp\/v2\/users\/2"}],"replies":[{"embeddable":true,"href":"https:\/\/antonioromoleroux.com\/es\/wp-json\/wp\/v2\/comments?post=9214"}],"version-history":[{"count":240,"href":"https:\/\/antonioromoleroux.com\/es\/wp-json\/wp\/v2\/pages\/9214\/revisions"}],"predecessor-version":[{"id":11262,"href":"https:\/\/antonioromoleroux.com\/es\/wp-json\/wp\/v2\/pages\/9214\/revisions\/11262"}],"wp:attachment":[{"href":"https:\/\/antonioromoleroux.com\/es\/wp-json\/wp\/v2\/media?parent=9214"}],"curies":[{"name":"wp","href":"https:\/\/api.w.org\/{rel}","templated":true}]}}

Biografía

<p><a href="https://antonioromoleroux.com/wp-content/uploads/2024/07/autorretrato-web-cortado-scaled.jpg"><img loading="lazy" decoding="async" src="https://antonioromoleroux.com/wp-content/uploads/2024/07/autorretrato-web-cortado-905x1024.jpg" alt="" width="604" height="683" class="aligncenter size-large wp-image-10725" srcset="https://antonioromoleroux.com/wp-content/uploads/2024/07/autorretrato-web-cortado-905x1024.jpg 905w, https://antonioromoleroux.com/wp-content/uploads/2024/07/autorretrato-web-cortado-265x300.jpg 265w, https://antonioromoleroux.com/wp-content/uploads/2024/07/autorretrato-web-cortado-768x869.jpg 768w, https://antonioromoleroux.com/wp-content/uploads/2024/07/autorretrato-web-cortado-1358x1536.jpg 1358w, https://antonioromoleroux.com/wp-content/uploads/2024/07/autorretrato-web-cortado-1810x2048.jpg 1810w" sizes="auto, (max-width: 604px) 100vw, 604px" /></a><br />
<em>«Autorretrato», lápiz sobre papel, 30&#215;21 cm. 2024</em></p>
<p><strong>Antonio Romoleroux</strong>, Quito, Ecuador, 1968.<br />
Licenciado en Artes Visuales, Universidad de las Artes, Guayaquil, Ecuador.<br />
Bachiller en Artes Plásticas, Colegio de Artes de la Universidad Central del Ecuador.</p>
<p>Desde 1987, ha realizado 42 exposiciones individuales y 200 colectivas, en América, Europa, Asia y África. Las exposiciones individuales incluyen: “Sagrado”, Fundación Antonio Romoleroux, Quito, 2025; “El Mensaje de las Modelos”, Kuntraum Artescena, Leipzig, Deutschland, 2021; “Antonio Romoleroux, Antología”, Centro Cultural PUCE, Quito, 2018; “Dass Bewusste Ich”, Embajada de Ecuador en Berlín, Alemania, 2015; “Antonio Romoleroux”, Queens Museum, New York, 2010; “El yo es espíritu”, Instituto Cultural de Providencia, Santiago de Chile, 2009; “¿Qué Devolvemos a la Naturaleza?”, Centro Cultural Metropolitano, Quito, 2007; “Temer-Poder”, Posada de las Artes Kingman, Quito, 2000; “Ver a tus ojos Ver”, Museos del Banco Central de Guayaquil, Cuenca y Loja, 1997; “Obra Reciente”, Galería Art-Forvm, Quito, 1996; “Grabados”, Galería Tú y Yo, Quito, 1989.</p>
<p>Ha recibido 25 premios y reconocimientos. Principalmente recibió: Overall Rank 1, International Art contest, Talentila Foundation, Hisar, India, 2024; Premiazione alla Carriera, Associazione Culturale Narda Martinez Pittrice, Varese, Italia, 2023; Validación a la Trayectoria Profesional, Universidad de las Artes, Guayaquil, Ecuador, 2023; Reconocimiento a la Trayectoria Artística, Consulado del Ecuador en Los Ángeles, California, 2021; Condecoración Doctor Vicente Rocafuerte al Mérito Cultural, Asamblea Nacional del Ecuador, 2020; Reconocimiento a la Trayectoria Artística, Ministerio de Cultura y Patrimonio del Ecuador, 2019; Reconocimiento a la Trayectoria, Kunstraum Artescena, Leipzig, Alemania, 2018; Primer Premio en pintura Mariano Aguilera, 1995; Primer Premio de Pintura, Primera Muestra Nacional de Arte Juvenil, Quito, 1991; Mención de Honor, XLV Concurso Nacional de Grabado, Municipio de Quito, 1987.</p>
<p></p>

<p>«Autorretrato», lápiz sobre papel, 30&#215;21 cm. 2024 Antonio Romoleroux, Quito, Ecuador, 1968. Licenciado en Artes Visuales, Universidad de las Artes, Guayaquil, Ecuador. Bachiller en Artes Plásticas, Colegio de Artes de la Universidad Central del Ecuador. Desde 1987, ha realizado 42 exposiciones individuales y 200 colectivas, en América, Europa, Asia y África. Las exposiciones individuales incluyen: &hellip; <a href="https://antonioromoleroux.com/es/espanol-bio/" class="more-link">Seguir leyendo <span class="screen-reader-text">Biografía</span> <span class="meta-nav">&rarr;</span></a></p>
